{"id":1194,"date":"2023-12-18T10:54:26","date_gmt":"2023-12-18T10:54:26","guid":{"rendered":"https:\/\/eco-coach.pro\/?page_id=1194"},"modified":"2026-01-20T11:55:52","modified_gmt":"2026-01-20T11:55:52","slug":"abonnement","status":"publish","type":"page","link":"https:\/\/eco-coach.pro\/index.php\/artisans\/abonnement\/","title":{"rendered":"Abonnement"},"content":{"rendered":"\t\t<div data-elementor-type=\"wp-page\" data-elementor-id=\"1194\" class=\"elementor elementor-1194\">\n\t\t\t\t\t\t<section class=\"ob-is-breaking-bad elementor-section elementor-top-section elementor-element elementor-element-49a0462e elementor-section-height-min-height elementor-section-boxed elementor-section-height-default elementor-section-items-middle\" data-id=\"49a0462e\" data-element_type=\"section\" data-e-type=\"section\" data-settings=\"{&quot;background_background&quot;:&quot;classic&quot;,&quot;_ob_bbad_use_it&quot;:&quot;yes&quot;,&quot;_ob_bbad_sssic_use&quot;:&quot;no&quot;,&quot;_ob_glider_is_slider&quot;:&quot;no&quot;}\">\n\t\t\t\t\t\t\t<div class=\"elementor-background-overlay\"><\/div>\n\t\t\t\t\t\t\t<div class=\"elementor-container elementor-column-gap-default\">\n\t\t\t\t\t<div class=\"elementor-column elementor-col-50 elementor-top-column elementor-element elementor-element-72817625\" data-id=\"72817625\" data-element_type=\"column\" data-e-type=\"column\" data-settings=\"{&quot;_ob_bbad_is_stalker&quot;:&quot;no&quot;,&quot;_ob_teleporter_use&quot;:false,&quot;_ob_column_hoveranimator&quot;:&quot;no&quot;,&quot;_ob_column_has_pseudo&quot;:&quot;no&quot;}\">\n\t\t\t<div class=\"elementor-widget-wrap elementor-element-populated\">\n\t\t\t\t\t\t<div class=\"elementor-element elementor-element-6a513ea8 ob-harakiri-inherit ob-has-background-overlay elementor-widget elementor-widget-heading\" data-id=\"6a513ea8\" data-element_type=\"widget\" data-e-type=\"widget\" data-settings=\"{&quot;_ob_use_harakiri&quot;:&quot;yes&quot;,&quot;_ob_harakiri_writing_mode&quot;:&quot;inherit&quot;,&quot;_ob_harakiri_text_clip&quot;:&quot;none&quot;,&quot;_ob_perspektive_use&quot;:&quot;no&quot;,&quot;_ob_poopart_use&quot;:&quot;yes&quot;,&quot;_ob_shadough_use&quot;:&quot;no&quot;,&quot;_ob_allow_hoveranimator&quot;:&quot;no&quot;,&quot;_ob_widget_stalker_use&quot;:&quot;no&quot;}\" data-widget_type=\"heading.default\">\n\t\t\t\t<div class=\"elementor-widget-container\">\n\t\t\t\t\t<h4 class=\"elementor-heading-title elementor-size-default\">Pourquoi un r\u00e9seau :<\/h4>\t\t\t\t<\/div>\n\t\t\t\t<\/div>\n\t\t\t\t<div class=\"elementor-element elementor-element-ad3fb63 ob-harakiri-inherit ob-has-background-overlay elementor-widget elementor-widget-text-editor\" data-id=\"ad3fb63\" data-element_type=\"widget\" data-e-type=\"widget\" data-settings=\"{&quot;_ob_use_harakiri&quot;:&quot;yes&quot;,&quot;_ob_harakiri_writing_mode&quot;:&quot;inherit&quot;,&quot;_ob_postman_use&quot;:&quot;no&quot;,&quot;_ob_perspektive_use&quot;:&quot;no&quot;,&quot;_ob_poopart_use&quot;:&quot;yes&quot;,&quot;_ob_shadough_use&quot;:&quot;no&quot;,&quot;_ob_allow_hoveranimator&quot;:&quot;no&quot;,&quot;_ob_widget_stalker_use&quot;:&quot;no&quot;}\" data-widget_type=\"text-editor.default\">\n\t\t\t\t<div class=\"elementor-widget-container\">\n\t\t\t\t\t\t\t\t\t<p>\u2022\u2060 \u2060d&rsquo;accompagnateurs renov&rsquo;<br \/>\u2022\u2060 \u2060d&rsquo;auditeurs<br \/>\u2022\u2060 \u2060d&rsquo;artisans pour compl\u00e9ter les offres <br \/>\u2022\u2060 \u2060un service Webmarketing&#8230;<\/p>\t\t\t\t\t\t\t\t<\/div>\n\t\t\t\t<\/div>\n\t\t\t\t<div class=\"elementor-element elementor-element-5606afcc elementor-align-left elementor-mobile-align-center elementor-tablet-align-center ob-has-background-overlay elementor-widget elementor-widget-button\" data-id=\"5606afcc\" data-element_type=\"widget\" data-e-type=\"widget\" data-settings=\"{&quot;_ob_butterbutton_use_it&quot;:&quot;no&quot;,&quot;_ob_perspektive_use&quot;:&quot;no&quot;,&quot;_ob_poopart_use&quot;:&quot;yes&quot;,&quot;_ob_shadough_use&quot;:&quot;no&quot;,&quot;_ob_allow_hoveranimator&quot;:&quot;no&quot;,&quot;_ob_widget_stalker_use&quot;:&quot;no&quot;}\" data-widget_type=\"button.default\">\n\t\t\t\t<div class=\"elementor-widget-container\">\n\t\t\t\t\t\t\t\t\t<div class=\"elementor-button-wrapper\">\n\t\t\t\t\t<a class=\"elementor-button elementor-button-link elementor-size-sm\" href=\"#\">\n\t\t\t\t\t\t<span class=\"elementor-button-content-wrapper\">\n\t\t\t\t\t\t\t\t\t<span class=\"elementor-button-text\">Voir l'offre<\/span>\n\t\t\t\t\t<\/span>\n\t\t\t\t\t<\/a>\n\t\t\t\t<\/div>\n\t\t\t\t\t\t\t\t<\/div>\n\t\t\t\t<\/div>\n\t\t\t\t\t<\/div>\n\t\t<\/div>\n\t\t\t\t<div class=\"elementor-column elementor-col-50 elementor-top-column elementor-element elementor-element-211fceff\" data-id=\"211fceff\" data-element_type=\"column\" data-e-type=\"column\" data-settings=\"{&quot;_ob_bbad_is_stalker&quot;:&quot;no&quot;,&quot;_ob_teleporter_use&quot;:false,&quot;_ob_column_hoveranimator&quot;:&quot;no&quot;,&quot;_ob_column_has_pseudo&quot;:&quot;no&quot;}\">\n\t\t\t<div class=\"elementor-widget-wrap elementor-element-populated\">\n\t\t\t\t\t\t<div class=\"elementor-element elementor-element-d7341d4 ob-has-background-overlay elementor-widget elementor-widget-image\" data-id=\"d7341d4\" data-element_type=\"widget\" data-e-type=\"widget\" data-settings=\"{&quot;_ob_photomorph_use&quot;:&quot;no&quot;,&quot;_ob_perspektive_use&quot;:&quot;no&quot;,&quot;_ob_poopart_use&quot;:&quot;yes&quot;,&quot;_ob_shadough_use&quot;:&quot;no&quot;,&quot;_ob_allow_hoveranimator&quot;:&quot;no&quot;,&quot;_ob_widget_stalker_use&quot;:&quot;no&quot;}\" data-widget_type=\"image.default\">\n\t\t\t\t<div class=\"elementor-widget-container\">\n\t\t\t\t\t\t\t\t\t\t\t\t\t\t\t<img fetchpriority=\"high\" decoding=\"async\" width=\"768\" height=\"432\" src=\"https:\/\/i0.wp.com\/eco-coach.pro\/wp-content\/uploads\/2024\/03\/Pourquoi-devenir-membre-premium-e1711033282267.png?fit=768%2C432&amp;ssl=1\" class=\"attachment-medium_large size-medium_large wp-image-3215\" alt=\"\" \/>\t\t\t\t\t\t\t\t\t\t\t\t\t\t\t<\/div>\n\t\t\t\t<\/div>\n\t\t\t\t\t<\/div>\n\t\t<\/div>\n\t\t\t\t\t<\/div>\n\t\t<\/section>\n\t\t<div class=\"elementor-element elementor-element-32540fb e-flex e-con-boxed e-con e-parent\" data-id=\"32540fb\" data-element_type=\"container\" data-e-type=\"container\" data-settings=\"{&quot;background_background&quot;:&quot;classic&quot;,&quot;_ob_use_container_extras&quot;:&quot;no&quot;,&quot;_ob_column_hoveranimator&quot;:&quot;no&quot;,&quot;_ob_glider_is_slider&quot;:&quot;no&quot;,&quot;_ob_column_has_pseudo&quot;:&quot;no&quot;}\">\n\t\t\t\t\t<div class=\"e-con-inner\">\n\t\t\t\t<div class=\"elementor-element elementor-element-42a9a02 ob-has-background-overlay elementor-widget elementor-widget-image\" data-id=\"42a9a02\" data-element_type=\"widget\" data-e-type=\"widget\" data-settings=\"{&quot;_ob_photomorph_use&quot;:&quot;no&quot;,&quot;_ob_perspektive_use&quot;:&quot;no&quot;,&quot;_ob_poopart_use&quot;:&quot;yes&quot;,&quot;_ob_shadough_use&quot;:&quot;no&quot;,&quot;_ob_allow_hoveranimator&quot;:&quot;no&quot;,&quot;_ob_widget_stalker_use&quot;:&quot;no&quot;}\" data-widget_type=\"image.default\">\n\t\t\t\t<div class=\"elementor-widget-container\">\n\t\t\t\t\t\t\t\t\t\t\t\t\t\t\t<img decoding=\"async\" width=\"724\" height=\"1024\" src=\"https:\/\/i0.wp.com\/eco-coach.pro\/wp-content\/uploads\/2024\/04\/Nouvelle-offre-membre-premium.png?fit=724%2C1024&amp;ssl=1\" class=\"attachment-large size-large wp-image-3778\" alt=\"\" srcset=\"https:\/\/i0.wp.com\/eco-coach.pro\/wp-content\/uploads\/2024\/04\/Nouvelle-offre-membre-premium.png?w=1414&amp;ssl=1 1414w, https:\/\/i0.wp.com\/eco-coach.pro\/wp-content\/uploads\/2024\/04\/Nouvelle-offre-membre-premium.png?resize=212%2C300&amp;ssl=1 212w, https:\/\/i0.wp.com\/eco-coach.pro\/wp-content\/uploads\/2024\/04\/Nouvelle-offre-membre-premium.png?resize=724%2C1024&amp;ssl=1 724w, https:\/\/i0.wp.com\/eco-coach.pro\/wp-content\/uploads\/2024\/04\/Nouvelle-offre-membre-premium.png?resize=768%2C1086&amp;ssl=1 768w, https:\/\/i0.wp.com\/eco-coach.pro\/wp-content\/uploads\/2024\/04\/Nouvelle-offre-membre-premium.png?resize=1086%2C1536&amp;ssl=1 1086w, https:\/\/i0.wp.com\/eco-coach.pro\/wp-content\/uploads\/2024\/04\/Nouvelle-offre-membre-premium.png?resize=1320%2C1867&amp;ssl=1 1320w, https:\/\/i0.wp.com\/eco-coach.pro\/wp-content\/uploads\/2024\/04\/Nouvelle-offre-membre-premium.png?resize=600%2C849&amp;ssl=1 600w\" sizes=\"(max-width: 724px) 100vw, 724px\" \/>\t\t\t\t\t\t\t\t\t\t\t\t\t\t\t<\/div>\n\t\t\t\t<\/div>\n\t\t\t\t\t<\/div>\n\t\t\t\t<\/div>\n\t\t<div class=\"elementor-element elementor-element-80e0cb8 e-con-full e-flex e-con e-parent\" data-id=\"80e0cb8\" data-element_type=\"container\" data-e-type=\"container\" data-settings=\"{&quot;background_background&quot;:&quot;classic&quot;,&quot;_ob_use_container_extras&quot;:&quot;no&quot;,&quot;_ob_column_hoveranimator&quot;:&quot;no&quot;,&quot;_ob_glider_is_slider&quot;:&quot;no&quot;,&quot;_ob_column_has_pseudo&quot;:&quot;no&quot;}\">\n\t\t\t\t<div class=\"elementor-element elementor-element-fe9a474 ob-harakiri-inherit ob-has-background-overlay elementor-widget elementor-widget-text-editor\" data-id=\"fe9a474\" data-element_type=\"widget\" data-e-type=\"widget\" data-settings=\"{&quot;_ob_use_harakiri&quot;:&quot;yes&quot;,&quot;_ob_harakiri_writing_mode&quot;:&quot;inherit&quot;,&quot;_ob_postman_use&quot;:&quot;no&quot;,&quot;_ob_perspektive_use&quot;:&quot;no&quot;,&quot;_ob_poopart_use&quot;:&quot;yes&quot;,&quot;_ob_shadough_use&quot;:&quot;no&quot;,&quot;_ob_allow_hoveranimator&quot;:&quot;no&quot;,&quot;_ob_widget_stalker_use&quot;:&quot;no&quot;}\" data-widget_type=\"text-editor.default\">\n\t\t\t\t<div class=\"elementor-widget-container\">\n\t\t\t\t\t\t\t\t\t<p>D\u00e9sormais, chaque artisan sera confront\u00e9, avant de commencer tout chantier, \u00e0 l&rsquo;avis de l&rsquo;Accompagnateur R\u00e9nov&rsquo;, d\u00e9sign\u00e9 comme le tiers de confiance de l&rsquo;op\u00e9ration.L&rsquo;audit \u00e9nerg\u00e9tique d\u00e9finit aussi la strat\u00e9gie de r\u00e9novation :<\/p><ol class=\"list-decimal marker:font-mono marker:text-sm pl-11\"><li>R\u00e9novation globale (performante) en cas de classement \u00ab\u00a0passoire thermique\u00a0\u00bb<\/li><li>Par geste pour les autres classes DPE<\/li><\/ol><p>Avant le d\u00e9marrage du chantier, il est obligatoire de faire intervenir les diff\u00e9rents acteurs. L&rsquo;Accompagnateur interviendra dans le financement de l&rsquo;op\u00e9ration, dans l&rsquo;int\u00e9r\u00eat des m\u00e9nages.Eco-coach vous assiste dans toutes ces missions pour mettre en \u0153uvre les \u00e9tapes r\u00e9glementaires et proposer les meilleures solutions \u00e0 vos clients.La transition \u00e9cologique est l&rsquo;un des d\u00e9fis majeurs pour notre souverainet\u00e9 \u00e9nerg\u00e9tique. Eco-coach s&rsquo;engage fortement aupr\u00e8s des pouvoirs publics et des territoires pour relever ce d\u00e9fi et am\u00e9liorer la r\u00e9silience des logements face aux \u00e9volutions r\u00e9glementaires et climatiques, qu&rsquo;il s&rsquo;agisse de l&rsquo;habitat priv\u00e9 ou des copropri\u00e9t\u00e9s (tertiaire). La r\u00e9alisation des travaux se fera en toute ind\u00e9pendance.Eco-coach est une passerelle entre vous, Artisan RGE, et l&rsquo;organisation administrative, financi\u00e8re et r\u00e9glementaire, pr\u00e9parant au mieux chaque chantier pour obtenir toutes les aides d\u00e9di\u00e9es \u00e0 la r\u00e9novation \u00e9nerg\u00e9tique, agissant ainsi comme votre tiers de confiance.Pour garantir votre succ\u00e8s, Eco-coach a mis en place une offre Premium :La mutualisation des services de notre offre a un double int\u00e9r\u00eat :<\/p><ol class=\"list-decimal marker:font-mono marker:text-sm pl-11\"><li>R\u00e9pondre rapidement \u00e0 vos clients avec comme supports l&rsquo;audit \u00e9nerg\u00e9tique, l&rsquo;accompagnement et le financement de vos chantiers.<\/li><li>Si vous ne faites pas appel \u00e0 un bureau d&rsquo;\u00e9tudes RGE, le co\u00fbt du DPE devra \u00eatre r\u00e9percut\u00e9 sur vos clients, ce diagnostic initial servant de support pour qualifier et quantifier les travaux futurs.<\/li><\/ol><p>Gr\u00e2ce \u00e0 la mutualisation de l&rsquo;offre Premium d&rsquo;Eco-coach, initi\u00e9e pour r\u00e9pondre \u00e0 la complexit\u00e9 administrative, financi\u00e8re et r\u00e9glementaire de la r\u00e9novation \u00e9nerg\u00e9tique, vous \u00eates accompagn\u00e9 rapidement pour une prise en main de vos dossiers clients sans avance de tr\u00e9sorerie. Le projet de mutualisation vise \u00e9galement \u00e0 ce que les m\u00e9nages b\u00e9n\u00e9ficient de l&rsquo;ensemble de leurs droits et possibilit\u00e9s, profitant ainsi d&rsquo;une augmentation r\u00e9elle de leur pouvoir d&rsquo;achat, gr\u00e2ce aux \u00e9conomies d&rsquo;\u00e9nergie. De plus, l&rsquo;am\u00e9lioration de leur confort est au c\u0153ur de notre programme. Artisans, avec Eco-coach, soyez prioritaires dans la mise en \u0153uvre de nos \u00e9quipes terrain, optimisant ainsi votre chiffre d&rsquo;affaires.<\/p><p>Votre m\u00e9tier \u00e9volue, structurons-nous ensemble.<\/p>\t\t\t\t\t\t\t\t<\/div>\n\t\t\t\t<\/div>\n\t\t\t\t<\/div>\n\t\t\t\t<\/div>\n\t\t","protected":false},"excerpt":{"rendered":"<p>Pourquoi un r\u00e9seau : \u2022\u2060 \u2060d&rsquo;accompagnateurs renov&rsquo;\u2022\u2060 \u2060d&rsquo;auditeurs\u2022\u2060 \u2060d&rsquo;artisans pour compl\u00e9ter les offres \u2022\u2060 \u2060un service Webmarketing&#8230; Voir l&rsquo;offre D\u00e9sormais, chaque artisan sera confront\u00e9, avant de commencer tout chantier, \u00e0 l&rsquo;avis de l&rsquo;Accompagnateur R\u00e9nov&rsquo;, d\u00e9sign\u00e9 comme le tiers de confiance de l&rsquo;op\u00e9ration.L&rsquo;audit \u00e9nerg\u00e9tique d\u00e9finit aussi la strat\u00e9gie de r\u00e9novation : R\u00e9novation globale (performante) en cas [&hellip;]<\/p>\n","protected":false},"author":1,"featured_media":0,"parent":405,"menu_order":0,"comment_status":"closed","ping_status":"closed","template":"","meta":{"_eb_attr":"","_uag_custom_page_level_css":"","site-sidebar-layout":"no-sidebar","site-content-layout":"page-builder","ast-site-content-layout":"full-width-container","site-content-style":"default","site-sidebar-style":"default","ast-global-header-display":"","ast-banner-title-visibility":"","ast-main-header-display":"","ast-hfb-above-header-display":"","ast-hfb-below-header-display":"","ast-hfb-mobile-header-display":"","site-post-title":"","ast-breadcrumbs-content":"","ast-featured-img":"disabled","footer-sml-layout":"","theme-transparent-header-meta":"","adv-header-id-meta":"","stick-header-meta":"","header-above-stick-meta":"","header-main-stick-meta":"","header-below-stick-meta":"","astra-migrate-meta-layouts":"default","ast-page-background-enabled":"default","ast-page-background-meta":{"desktop":{"background-color":"","background-image":"","background-repeat":"repeat","background-position":"center center","background-size":"auto","background-attachment":"scroll","background-type":"","background-media":"","overlay-type":"","overlay-color":"","overlay-opacity":"","overlay-gradient":""},"tablet":{"background-color":"","background-image":"","background-repeat":"repeat","background-position":"center center","background-size":"auto","background-attachment":"scroll","background-type":"","background-media":"","overlay-type":"","overlay-color":"","overlay-opacity":"","overlay-gradient":""},"mobile":{"background-color":"","background-image":"","background-repeat":"repeat","background-position":"center center","background-size":"auto","background-attachment":"scroll","background-type":"","background-media":"","overlay-type":"","overlay-color":"","overlay-opacity":"","overlay-gradient":""}},"ast-content-background-meta":{"desktop":{"background-color":"var(--ast-global-color-5)","background-image":"","background-repeat":"repeat","background-position":"center center","background-size":"auto","background-attachment":"scroll","background-type":"","background-media":"","overlay-type":"","overlay-color":"","overlay-opacity":"","overlay-gradient":""},"tablet":{"background-color":"var(--ast-global-color-5)","background-image":"","background-repeat":"repeat","background-position":"center center","background-size":"auto","background-attachment":"scroll","background-type":"","background-media":"","overlay-type":"","overlay-color":"","overlay-opacity":"","overlay-gradient":""},"mobile":{"background-color":"var(--ast-global-color-5)","background-image":"","background-repeat":"repeat","background-position":"center center","background-size":"auto","background-attachment":"scroll","background-type":"","background-media":"","overlay-type":"","overlay-color":"","overlay-opacity":"","overlay-gradient":""}},"footnotes":""},"class_list":["post-1194","page","type-page","status-publish","hentry"],"_hostinger_reach_plugin_has_subscription_block":false,"_hostinger_reach_plugin_is_elementor":false,"uagb_featured_image_src":{"full":false,"thumbnail":false,"medium":false,"medium_large":false,"large":false,"1536x1536":false,"2048x2048":false,"woocommerce_thumbnail":false,"woocommerce_single":false,"woocommerce_gallery_thumbnail":false},"uagb_author_info":{"display_name":"eco-coach.pro","author_link":"https:\/\/eco-coach.pro\/index.php\/author\/eco-coach-pro\/"},"uagb_comment_info":0,"uagb_excerpt":"Pourquoi un r\u00e9seau : \u2022\u2060 \u2060d&rsquo;accompagnateurs renov&rsquo;\u2022\u2060 \u2060d&rsquo;auditeurs\u2022\u2060 \u2060d&rsquo;artisans pour compl\u00e9ter les offres \u2022\u2060 \u2060un service Webmarketing&#8230; Voir l&rsquo;offre D\u00e9sormais, chaque artisan sera confront\u00e9, avant de commencer tout chantier, \u00e0 l&rsquo;avis de l&rsquo;Accompagnateur R\u00e9nov&rsquo;, d\u00e9sign\u00e9 comme le tiers de confiance de l&rsquo;op\u00e9ration.L&rsquo;audit \u00e9nerg\u00e9tique d\u00e9finit aussi la strat\u00e9gie de r\u00e9novation : R\u00e9novation globale (performante) en cas\u2026","jetpack_sharing_enabled":true,"_links":{"self":[{"href":"https:\/\/eco-coach.pro\/index.php\/wp-json\/wp\/v2\/pages\/1194","targetHints":{"allow":["GET"]}}],"collection":[{"href":"https:\/\/eco-coach.pro\/index.php\/wp-json\/wp\/v2\/pages"}],"about":[{"href":"https:\/\/eco-coach.pro\/index.php\/wp-json\/wp\/v2\/types\/page"}],"author":[{"embeddable":true,"href":"https:\/\/eco-coach.pro\/index.php\/wp-json\/wp\/v2\/users\/1"}],"replies":[{"embeddable":true,"href":"https:\/\/eco-coach.pro\/index.php\/wp-json\/wp\/v2\/comments?post=1194"}],"version-history":[{"count":59,"href":"https:\/\/eco-coach.pro\/index.php\/wp-json\/wp\/v2\/pages\/1194\/revisions"}],"predecessor-version":[{"id":6416,"href":"https:\/\/eco-coach.pro\/index.php\/wp-json\/wp\/v2\/pages\/1194\/revisions\/6416"}],"up":[{"embeddable":true,"href":"https:\/\/eco-coach.pro\/index.php\/wp-json\/wp\/v2\/pages\/405"}],"wp:attachment":[{"href":"https:\/\/eco-coach.pro\/index.php\/wp-json\/wp\/v2\/media?parent=1194"}],"curies":[{"name":"wp","href":"https:\/\/api.w.org\/{rel}","templated":true}]}}